of 300 and 375?
75
What is the greatest common divisor of 189 and 21?
21
Calculate the greatest common divisor of 748 and 704.
44
Calculate the greatest common factor of 315 and 5715.
45
Calculate the greatest common factor of 42 and 150.
6
Calculate the greatest common factor of 162 and 144.
18
What is the greatest common factor of 136 and 85?
17
Calculate the greatest common factor of 27 and 1476.
9
Calculate the greatest common divisor of 108 and 297.
27
What is the highest common factor of 12 and 57?
3
What is the greatest common factor of 17 and 119?
17
What is the highest common factor of 32 and 28?
4
What is the greatest common factor of 304 and 38?
38
Calculate the greatest common factor of 2424 and 192.
24
Calculate the greatest common divisor of 264 and 48.
24
What is the greatest common divisor of 21 and 26943?
21
What is the highest common factor of 399 and 20083?
133
What is the greatest common divisor of 184 and 69?
23
Calculate the highest common divisor of 308 and 224.
28
What is the greatest common factor of 16 and 5084?
4
Calculate the highest common divisor of 105443 and 13.
13
What is the highest common factor of 2328 and 108?
12
Calculate the greatest common factor of 8468 and 876.
292
Calculate the greatest common factor of 475 and 75.
25
Calculate the greatest common factor of 25 and 29075.
25
Calculate the greatest common divisor of 95 and 10.
5
Calculate the highest common divisor of 9 and 423.
9
What is the greatest common factor of 1365 and 1050?
105
What is the greatest common factor of 780 and 1140?
60
Calculate the greatest common factor of 16027 and 62.
31
Calculate the greatest common divisor of 52 and 5018.
26
What is the greatest common factor of 126 and 5754?
42
What is the highest common factor of 420 and 465?
15
What is the highest common divisor of 264 and 60?
12
What is the greatest common factor of 888 and 8140?
148
Calculate the highest common divisor of 45 and 10.
5
What is the greatest common factor of 3043 and 17?
17
Calculate the highest common factor of 16 and 14736.
16
What is the highest common factor of 387 and 1377?
9
Calculate the greatest common divisor of 116 and 9106.
58
What is the highest common factor of 40 and 180?
20
Calculate the greatest common divisor of 26 and 2340.
26
What is the highest common divisor of 1675 and 725?
25
Calculate the highest common divisor of 110 and 352.
22
What is the highest common factor of 693 and 55?
11
Calculate the greatest common divisor of 23 and 391.
23
Calculate the highest common divisor of 1612 and 868.
124
What is the greatest common factor of 20 and 6290?
10
Calculate the highest common factor of 33 and 44.
11
Calculate the highest common divisor of 3582 and 18.
18
Calculate the highest common factor of 413 and 12744.
59
Calculate the greatest common factor of 750 and 8000.
250
Calculate the greatest common divisor of 90 and 144.
18
What is the greatest common factor of 40 and 1780?
20
Calculate the highest common factor of 125 and 5.
5
Calculate the greatest common factor of 213 and 71.
71
What is the highest common factor of 44 and 22?
22
Calculate the greatest common factor of 4 and 1.
1
Calculate the greatest common factor of 15535 and 65.
65
What is the greatest common divisor of 5043 and 205?
41
What is the greatest common divisor of 48 and 10352?
16
Calculate the greatest common factor of 3593 and 1.
1
Calculate the greatest common factor of 5376 and 168.
168
Calculate the highest common divisor of 2313 and 81.
9
Calculate the highest common divisor of 2152 and 1345.
269
Calculate the highest common divisor of 18410 and 10.
10
Calculate the highest common divisor of 1887 and 222.
111
What is the greatest common factor of 45580 and 40?
20
What is the highest common factor of 24 and 1128?
24
What is the greatest common factor of 1035 and 115?
115
What is the highest common factor of 200 and 450?
50
What is the highest common factor of 47 and 611?
47
What is the greatest common divisor of 111 and 259?
37
What is the highest common factor of 212 and 3498?
106
What is the greatest common divisor of 351 and 999?
27
Calculate the highest common factor of 1 and 1873.
1
What is the highest common factor of 459 and 578?
17
What is the greatest common factor of 176 and 32?
16
What is the greatest common divisor of 481 and 9?
1
What is the highest common divisor of 75 and 435?
15
Calculate the highest common divisor of 695 and 160.
5
Calculate the greatest common factor of 2800 and 224.
112
Calculate the highest common factor of 185 and 296.
37
Calculate the greatest common divisor of 408 and 56.
8
Calculate the greatest common divisor of 12 and 94.
2
What is the highest common factor of 1435 and 5?
5
Calculate the highest common factor of 288 and 4848.
48
Calculate the highest common factor of 84 and 280.
28
What is the highest common divisor of 114 and 54?
6
What is the highest common factor of 14 and 66122?
14
Calculate the greatest common divisor of 304 and 57.
19
What is the greatest common divisor of 1254 and 57?
57
What is the highest common factor of 11 and 451?
11
What is the highest common factor of 228 and 1653?
57
Calculate the greatest common factor of 102 and 459.
51
What is the highest common factor of 160 and 14?
2
Calculate the highest common divisor of 575 and 1840.
115
What is the highest common divisor of 1702 and 46?
46
Calculate the greatest common divisor of 36 and 4.
4
Calculate the greatest common factor of 64 and 104.
8
What is the highest common factor of 17 and 238?
17
Calculate the highest common divisor of 46 and 299.
23
What is the greatest common divisor of 52716 and 12?
12
What is the highest common factor of 9 and 8?
1
Calculate the greatest common factor of 37147 and 307.
307
What is the greatest common factor of 6 and 2631?
3
What is the highest common divisor of 56 and 1162?
14
What is the highest common factor of 685 and 10?
5
Calculate the highest common divisor of 34050 and 450.
150
What is the highest common divisor of 18 and 288?
18
Calculate the greatest common factor of 42 and 154.
14
What is the greatest common factor of 385 and 1001?
77
What is the highest common factor of 841 and 464?
29
Calculate the highest common divisor of 63 and 1197.
63
What is the greatest common factor of 14732 and 762?
254
Calculate the greatest common factor of 6 and 318.
6
Calculate the greatest common factor of 112 and 28.
28
What is the highest common factor of 57 and 141?
3
Calculate the highest common divisor of 20 and 140.
20
Calculate the greatest common divisor of 90 and 1800.
90
What is the greatest common divisor of 374 and 2057?
187
Calculate the greatest common factor of 41 and 656.
41
What is the highest common factor of 60 and 48?
12
Calculate the highest common divisor of 17554 and 402.
134
Calculate the greatest common factor of 90 and 630.
90
Calculate the highest common divisor of 42 and 66.
6
Calculate the highest common divisor of 15 and 205.
5
What is the highest common divisor of 80 and 560?
80
What is the highest common divisor of 580 and 60?
20
What is the highest common divisor of 5440 and 7820?
340
What is the highest common divisor of 111 and 35631?
111
What is the greatest common divisor of 218 and 14?
2
Calculate the highest common factor of 171 and 76.
19
Calculate the greatest common factor of 21 and 420.
21
Calculate the greatest common divisor of 5 and 245.
5
What is the highest common divisor of 645 and 120?
15
What is the highest common divisor of 120 and 51?
3
Calculate the greatest common factor of 56 and 1379.
7
Calculate the greatest common factor of 59 and 59.
59
Calculate the highest common factor of 377 and 52.
13
What is the highest common divisor of 192 and 4256?
32
Calculate the greatest common factor of 10 and 23710.
10
What is the highest common factor of 12 and 256?
4
Calculate the greatest common factor of 725 and 29.
29
What is the greatest common divisor of 2327 and 13?
13
What is the highest common divisor of 437 and 46?
23
What is the highest common divisor of 2060 and 6386?
206
What is the greatest common factor of 34 and 1139?
17
Calculate the highest common factor of 44 and 3267.
11
Calculate the greatest common factor of 648 and 81.
81
What is the highest common divis